{"id":5,"date":"2021-02-15T23:21:58","date_gmt":"2021-02-16T01:21:58","guid":{"rendered":"http:\/\/institutoruthguimaraes.org.br\/blog\/pagina-inicial\/"},"modified":"2021-02-28T03:02:24","modified_gmt":"2021-02-28T06:02:24","slug":"pagina-inicial","status":"publish","type":"page","link":"http:\/\/institutoruthguimaraes.org.br\/blog\/","title":{"rendered":"P\u00e1gina Inicial"},"content":{"rendered":"<div id=\"pl-5\"  class=\"panel-layout\" ><div id=\"pg-5-0\"  class=\"panel-grid panel-no-style\" ><div id=\"pgc-5-0-0\"  class=\"panel-grid-cell panel-grid-cell-empty\" ><\/div><div id=\"pgc-5-0-1\"  class=\"panel-grid-cell\" ><div id=\"panel-5-0-1-0\" class=\"so-panel widget widget_sow-editor panel-first-child panel-last-child\" data-index=\"0\" ><div\n\t\t\t\n\t\t\tclass=\"so-widget-sow-editor so-widget-sow-editor-base\"\n\t\t\t\n\t\t>\n<div class=\"siteorigin-widget-tinymce textwidget\">\n\t<div class=\"asl_w_container asl_w_container_1\" data-id=\"1\" data-instance=\"1\">\n\t<div id='ajaxsearchlite1'\n\t\tdata-id=\"1\"\n\t\tdata-instance=\"1\"\n\t\tclass=\"asl_w asl_m asl_m_1 asl_m_1_1\">\n\t\t<div class=\"probox\">\n\n\t\n\t<div class='prosettings' style='display:none;' data-opened=0>\n\t\t\t\t<div class='innericon'>\n\t\t\t<svg version=\"1.1\" xmlns=\"http:\/\/www.w3.org\/2000\/svg\" xmlns:xlink=\"http:\/\/www.w3.org\/1999\/xlink\" x=\"0px\" y=\"0px\" width=\"22\" height=\"22\" viewBox=\"0 0 512 512\" enable-background=\"new 0 0 512 512\" xml:space=\"preserve\">\n\t\t\t\t\t<polygon transform = \"rotate(90 256 256)\" points=\"142.332,104.886 197.48,50 402.5,256 197.48,462 142.332,407.113 292.727,256 \"\/>\n\t\t\t\t<\/svg>\n\t\t<\/div>\n\t<\/div>\n\n\t\n\t\n\t<div class='proinput'>\n\t\t<form role=\"search\" action='#' autocomplete=\"off\"\n\t\t\t\taria-label=\"Search form\">\n\t\t\t<input aria-label=\"Search input\"\n\t\t\t\t\ttype='search' class='orig'\n\t\t\t\t\ttabindex=\"0\"\n\t\t\t\t\tname='phrase'\n\t\t\t\t\tplaceholder='Pesquisar no blog'\n\t\t\t\t\tvalue=''\n\t\t\t\t\tautocomplete=\"off\"\/>\n\t\t\t<input aria-label=\"Search autocomplete input\"\n\t\t\t\t\ttype='text'\n\t\t\t\t\tclass='autocomplete'\n\t\t\t\t\ttabindex=\"-1\"\n\t\t\t\t\tname='phrase'\n\t\t\t\t\tvalue=''\n\t\t\t\t\tautocomplete=\"off\" disabled\/>\n\t\t\t<input type='submit' value=\"Start search\" style='width:0; height: 0; visibility: hidden;'>\n\t\t<\/form>\n\t<\/div>\n\n\t\n\t\n\t<button class='promagnifier' tabindex=\"0\" aria-label=\"Search magnifier button\">\n\t\t\t\t<span class='innericon' style=\"display:block;\">\n\t\t\t<svg version=\"1.1\" xmlns=\"http:\/\/www.w3.org\/2000\/svg\" xmlns:xlink=\"http:\/\/www.w3.org\/1999\/xlink\" x=\"0px\" y=\"0px\" width=\"22\" height=\"22\" viewBox=\"0 0 512 512\" enable-background=\"new 0 0 512 512\" xml:space=\"preserve\">\n\t\t\t\t\t<path d=\"M460.355,421.59L353.844,315.078c20.041-27.553,31.885-61.437,31.885-98.037\n\t\t\t\t\t\tC385.729,124.934,310.793,50,218.686,50C126.58,50,51.645,124.934,51.645,217.041c0,92.106,74.936,167.041,167.041,167.041\n\t\t\t\t\t\tc34.912,0,67.352-10.773,94.184-29.158L419.945,462L460.355,421.59z M100.631,217.041c0-65.096,52.959-118.056,118.055-118.056\n\t\t\t\t\t\tc65.098,0,118.057,52.959,118.057,118.056c0,65.096-52.959,118.056-118.057,118.056C153.59,335.097,100.631,282.137,100.631,217.041\n\t\t\t\t\t\tz\"\/>\n\t\t\t\t<\/svg>\n\t\t<\/span>\n\t<\/button>\n\n\t\n\t\n\t<div class='proloading'>\n\n\t\t<div class=\"asl_loader\"><div class=\"asl_loader-inner asl_simple-circle\"><\/div><\/div>\n\n\t\t\t<\/div>\n\n\t\t\t<div class='proclose'>\n\t\t\t<svg version=\"1.1\" xmlns=\"http:\/\/www.w3.org\/2000\/svg\" xmlns:xlink=\"http:\/\/www.w3.org\/1999\/xlink\" x=\"0px\"\n\t\t\t\ty=\"0px\"\n\t\t\t\twidth=\"12\" height=\"12\" viewBox=\"0 0 512 512\" enable-background=\"new 0 0 512 512\"\n\t\t\t\txml:space=\"preserve\">\n\t\t\t\t<polygon points=\"438.393,374.595 319.757,255.977 438.378,137.348 374.595,73.607 255.995,192.225 137.375,73.622 73.607,137.352 192.246,255.983 73.622,374.625 137.352,438.393 256.002,319.734 374.652,438.378 \"\/>\n\t\t\t<\/svg>\n\t\t<\/div>\n\t\n\t\n<\/div>\t<\/div>\n\t<div class='asl_data_container' style=\"display:none !important;\">\n\t\t<div class=\"asl_init_data wpdreams_asl_data_ct\"\n\tstyle=\"display:none !important;\"\n\tid=\"asl_init_id_1\"\n\tdata-asl-id=\"1\"\n\tdata-asl-instance=\"1\"\n\tdata-settings=\"{&quot;homeurl&quot;:&quot;http:\\\/\\\/institutoruthguimaraes.org.br\\\/blog\\\/&quot;,&quot;resultstype&quot;:&quot;vertical&quot;,&quot;resultsposition&quot;:&quot;hover&quot;,&quot;itemscount&quot;:4,&quot;charcount&quot;:0,&quot;highlight&quot;:false,&quot;highlightWholewords&quot;:true,&quot;singleHighlight&quot;:false,&quot;scrollToResults&quot;:{&quot;enabled&quot;:false,&quot;offset&quot;:0},&quot;resultareaclickable&quot;:1,&quot;autocomplete&quot;:{&quot;enabled&quot;:true,&quot;lang&quot;:&quot;en&quot;,&quot;trigger_charcount&quot;:0},&quot;mobile&quot;:{&quot;menu_selector&quot;:&quot;#menu-toggle&quot;},&quot;trigger&quot;:{&quot;click&quot;:&quot;results_page&quot;,&quot;click_location&quot;:&quot;same&quot;,&quot;update_href&quot;:false,&quot;return&quot;:&quot;results_page&quot;,&quot;return_location&quot;:&quot;same&quot;,&quot;facet&quot;:true,&quot;type&quot;:true,&quot;redirect_url&quot;:&quot;?s={phrase}&quot;,&quot;delay&quot;:300},&quot;animations&quot;:{&quot;pc&quot;:{&quot;settings&quot;:{&quot;anim&quot;:&quot;fadedrop&quot;,&quot;dur&quot;:300},&quot;results&quot;:{&quot;anim&quot;:&quot;fadedrop&quot;,&quot;dur&quot;:300},&quot;items&quot;:&quot;voidanim&quot;},&quot;mob&quot;:{&quot;settings&quot;:{&quot;anim&quot;:&quot;fadedrop&quot;,&quot;dur&quot;:300},&quot;results&quot;:{&quot;anim&quot;:&quot;fadedrop&quot;,&quot;dur&quot;:300},&quot;items&quot;:&quot;voidanim&quot;}},&quot;autop&quot;:{&quot;state&quot;:true,&quot;phrase&quot;:&quot;&quot;,&quot;count&quot;:&quot;1&quot;},&quot;resPage&quot;:{&quot;useAjax&quot;:false,&quot;selector&quot;:&quot;#main&quot;,&quot;trigger_type&quot;:true,&quot;trigger_facet&quot;:true,&quot;trigger_magnifier&quot;:false,&quot;trigger_return&quot;:false},&quot;resultsSnapTo&quot;:&quot;left&quot;,&quot;results&quot;:{&quot;width&quot;:&quot;auto&quot;,&quot;width_tablet&quot;:&quot;auto&quot;,&quot;width_phone&quot;:&quot;auto&quot;},&quot;settingsimagepos&quot;:&quot;right&quot;,&quot;closeOnDocClick&quot;:true,&quot;overridewpdefault&quot;:false,&quot;override_method&quot;:&quot;get&quot;}\"><\/div>\n\t<div id=\"asl_hidden_data\">\n\t\t<svg style=\"position:absolute\" height=\"0\" width=\"0\">\n\t\t\t<filter id=\"aslblur\">\n\t\t\t\t<feGaussianBlur in=\"SourceGraphic\" stdDeviation=\"4\"\/>\n\t\t\t<\/filter>\n\t\t<\/svg>\n\t\t<svg style=\"position:absolute\" height=\"0\" width=\"0\">\n\t\t\t<filter id=\"no_aslblur\"><\/filter>\n\t\t<\/svg>\n\t<\/div>\n\t<\/div>\n\n\t<div id='ajaxsearchliteres1'\n\tclass='vertical wpdreams_asl_results asl_w asl_r asl_r_1 asl_r_1_1'>\n\n\t\n\t<div class=\"results\">\n\n\t\t\n\t\t<div class=\"resdrg\">\n\t\t<\/div>\n\n\t\t\n\t<\/div>\n\n\t\n\t\n<\/div>\n\n\t<div id='__original__ajaxsearchlitesettings1'\n\t\tdata-id=\"1\"\n\t\tclass=\"searchsettings wpdreams_asl_settings asl_w asl_s asl_s_1\">\n\t\t<form name='options'\n\t\taria-label=\"Search settings form\"\n\t\tautocomplete = 'off'>\n\n\t\n\t\n\t<input type=\"hidden\" name=\"filters_changed\" style=\"display:none;\" value=\"0\">\n\t<input type=\"hidden\" name=\"filters_initial\" style=\"display:none;\" value=\"1\">\n\n\t<div class=\"asl_option_inner hiddend\">\n\t\t<input type='hidden' name='qtranslate_lang' id='qtranslate_lang'\n\t\t\t\tvalue='0'\/>\n\t<\/div>\n\n\t\n\t\n\t<fieldset class=\"asl_sett_scroll\">\n\t\t<legend style=\"display: none;\">Generic selectors<\/legend>\n\t\t<div class=\"asl_option\" tabindex=\"0\">\n\t\t\t<div class=\"asl_option_inner\">\n\t\t\t\t<input type=\"checkbox\" value=\"exact\"\n\t\t\t\t\t\taria-label=\"Exact matches only\"\n\t\t\t\t\t\tname=\"asl_gen[]\" \/>\n\t\t\t\t<div class=\"asl_option_checkbox\"><\/div>\n\t\t\t<\/div>\n\t\t\t<div class=\"asl_option_label\">\n\t\t\t\tExact matches only\t\t\t<\/div>\n\t\t<\/div>\n\t\t<div class=\"asl_option\" tabindex=\"0\">\n\t\t\t<div class=\"asl_option_inner\">\n\t\t\t\t<input type=\"checkbox\" value=\"title\"\n\t\t\t\t\t\taria-label=\"Search in title\"\n\t\t\t\t\t\tname=\"asl_gen[]\"  checked=\"checked\"\/>\n\t\t\t\t<div class=\"asl_option_checkbox\"><\/div>\n\t\t\t<\/div>\n\t\t\t<div class=\"asl_option_label\">\n\t\t\t\tSearch in title\t\t\t<\/div>\n\t\t<\/div>\n\t\t<div class=\"asl_option\" tabindex=\"0\">\n\t\t\t<div class=\"asl_option_inner\">\n\t\t\t\t<input type=\"checkbox\" value=\"content\"\n\t\t\t\t\t\taria-label=\"Search in content\"\n\t\t\t\t\t\tname=\"asl_gen[]\"  checked=\"checked\"\/>\n\t\t\t\t<div class=\"asl_option_checkbox\"><\/div>\n\t\t\t<\/div>\n\t\t\t<div class=\"asl_option_label\">\n\t\t\t\tSearch in content\t\t\t<\/div>\n\t\t<\/div>\n\t\t<div class=\"asl_option_inner hiddend\">\n\t\t\t<input type=\"checkbox\" value=\"excerpt\"\n\t\t\t\t\taria-label=\"Search in excerpt\"\n\t\t\t\t\tname=\"asl_gen[]\"  checked=\"checked\"\/>\n\t\t\t<div class=\"asl_option_checkbox\"><\/div>\n\t\t<\/div>\n\t<\/fieldset>\n\t<fieldset class=\"asl_sett_scroll\">\n\t\t<legend style=\"display: none;\">Post Type Selectors<\/legend>\n\t\t\t\t\t<div class=\"asl_option_inner hiddend\">\n\t\t\t\t<input type=\"checkbox\" value=\"post\"\n\t\t\t\t\t\taria-label=\"Hidden option, ignore please\"\n\t\t\t\t\t\tname=\"customset[]\" checked=\"checked\"\/>\n\t\t\t<\/div>\n\t\t\t\t\t\t<div class=\"asl_option_inner hiddend\">\n\t\t\t\t<input type=\"checkbox\" value=\"page\"\n\t\t\t\t\t\taria-label=\"Hidden option, ignore please\"\n\t\t\t\t\t\tname=\"customset[]\" checked=\"checked\"\/>\n\t\t\t<\/div>\n\t\t\t\t<\/fieldset>\n\t<\/form>\n\t<\/div>\n<\/div>\n\n<\/div>\n<\/div><\/div><\/div><\/div><div id=\"pg-5-1\"  class=\"panel-grid panel-no-style\" ><div id=\"pgc-5-1-0\"  class=\"panel-grid-cell\" ><div id=\"panel-5-1-0-0\" class=\"so-panel widget widget_sow-editor panel-first-child panel-last-child\" data-index=\"1\" ><div\n\t\t\t\n\t\t\tclass=\"so-widget-sow-editor so-widget-sow-editor-base\"\n\t\t\t\n\t\t>\n<div class=\"siteorigin-widget-tinymce textwidget\">\n\t<div class=\"pt-cv-wrapper\">\n<div class=\"pt-cv-view pt-cv-grid pt-cv-colsys\" id=\"pt-cv-view-b53dea9rwu\">\n<div data-id=\"pt-cv-page-1\" class=\"pt-cv-page\" data-cvc=\"2\">\n<div class=\"col-md-6 col-sm-6 col-xs-12 pt-cv-content-item pt-cv-2-col\" >\n<div class='pt-cv-ifield'><a href=\"http:\/\/institutoruthguimaraes.org.br\/blog\/apesar-dos-pesares\/\" class=\"_self pt-cv-href-thumbnail pt-cv-thumb-left\" target=\"_self\" ><img loading=\"lazy\" decoding=\"async\" width=\"150\" height=\"150\" src=\"http:\/\/institutoruthguimaraes.org.br\/blog\/wp-content\/uploads\/2021\/06\/Botelho-Netto-122-150x150.jpg\" class=\"pt-cv-thumbnail pull-left\" alt=\"Instituto Ruth Guimar\u00e3es\" title=\"Instituto Ruth Guimar\u00e3es\"><\/a><\/p>\n<h4 class=\"pt-cv-title\"><a href=\"http:\/\/institutoruthguimaraes.org.br\/blog\/apesar-dos-pesares\/\" class=\"_self\" target=\"_self\" >Apesar dos pesares<\/a><\/h4>\n<div class=\"pt-cv-content\">Mal come\u00e7am os calores abafadi\u00e7os de fim de ano o notici\u00e1rio se enche de informa\u00e7\u00f5es sobre crian\u00e7as pobres desidratadas, das favelas e corti\u00e7os. Mal o inverno desponta e vem o tempo seco, l\u00e1 v\u00eam as doen\u00e7as respirat\u00f3rias. Ainda mais agora ...<\/p>\n<div class=\"pt-cv-rmwrap\"><a href=\"http:\/\/institutoruthguimaraes.org.br\/blog\/apesar-dos-pesares\/\" class=\"_self pt-cv-readmore btn btn-success\" target=\"_self\">Leia Mais<\/a><\/div>\n<\/div>\n<\/div>\n<\/div>\n<div class=\"col-md-6 col-sm-6 col-xs-12 pt-cv-content-item pt-cv-2-col\" >\n<div class='pt-cv-ifield'><a href=\"http:\/\/institutoruthguimaraes.org.br\/blog\/conversinha-sobre-arte\/\" class=\"_self pt-cv-href-thumbnail pt-cv-thumb-left\" target=\"_self\" ><img loading=\"lazy\" decoding=\"async\" width=\"150\" height=\"150\" src=\"http:\/\/institutoruthguimaraes.org.br\/blog\/wp-content\/uploads\/2021\/06\/07-Botelho-Netto-22-150x150.jpg\" class=\"pt-cv-thumbnail pull-left\" alt=\"Instituto Ruth Guimar\u00e3es\" title=\"Instituto Ruth Guimar\u00e3es\"><\/a><\/p>\n<h4 class=\"pt-cv-title\"><a href=\"http:\/\/institutoruthguimaraes.org.br\/blog\/conversinha-sobre-arte\/\" class=\"_self\" target=\"_self\" >Conversinha sobre arte<\/a><\/h4>\n<div class=\"pt-cv-content\">Decididamente, a minha cidade n\u00e3o \u00e9 terra de m\u00fasicos. Minto. N\u00e3o \u00e9 terra de conjuntos, de orquestras, de profissionais organizados, que m\u00fasicos h\u00e1 muitos por a\u00ed, nos butecos, em noites de sexta. Relacionados, conhecidos, tirando os que arranham, h\u00e1 uns ...<\/p>\n<div class=\"pt-cv-rmwrap\"><a href=\"http:\/\/institutoruthguimaraes.org.br\/blog\/conversinha-sobre-arte\/\" class=\"_self pt-cv-readmore btn btn-success\" target=\"_self\">Leia Mais<\/a><\/div>\n<\/div>\n<\/div>\n<\/div>\n<div class=\"col-md-6 col-sm-6 col-xs-12 pt-cv-content-item pt-cv-2-col\" >\n<div class='pt-cv-ifield'><a href=\"http:\/\/institutoruthguimaraes.org.br\/blog\/matinada\/\" class=\"_self pt-cv-href-thumbnail pt-cv-thumb-left\" target=\"_self\" ><img loading=\"lazy\" decoding=\"async\" width=\"150\" height=\"150\" src=\"http:\/\/institutoruthguimaraes.org.br\/blog\/wp-content\/uploads\/2021\/05\/Botelho-Netto-1415-150x150.jpg\" class=\"pt-cv-thumbnail pull-left\" alt=\"Instituto Ruth Guimar\u00e3es\" title=\"Instituto Ruth Guimar\u00e3es\"><\/a><\/p>\n<h4 class=\"pt-cv-title\"><a href=\"http:\/\/institutoruthguimaraes.org.br\/blog\/matinada\/\" class=\"_self\" target=\"_self\" >Matinada<\/a><\/h4>\n<div class=\"pt-cv-content\">De manh\u00e3zinha, alguma coisa estava acontecendo, no ar, nas ruas, no c\u00e9u. O que havia? Qualquer coisa inusitada. Rumor em demasia. Um susto, parecia. Canto em cascata de duas qualidades diferentes de pios. De uma parte um susto, um protesto ...<\/p>\n<div class=\"pt-cv-rmwrap\"><a href=\"http:\/\/institutoruthguimaraes.org.br\/blog\/matinada\/\" class=\"_self pt-cv-readmore btn btn-success\" target=\"_self\">Leia Mais<\/a><\/div>\n<\/div>\n<\/div>\n<\/div>\n<div class=\"col-md-6 col-sm-6 col-xs-12 pt-cv-content-item pt-cv-2-col\" >\n<div class='pt-cv-ifield'><a href=\"http:\/\/institutoruthguimaraes.org.br\/blog\/noticias-de-esporte\/\" class=\"_self pt-cv-href-thumbnail pt-cv-thumb-left\" target=\"_self\" ><img loading=\"lazy\" decoding=\"async\" width=\"150\" height=\"150\" src=\"http:\/\/institutoruthguimaraes.org.br\/blog\/wp-content\/uploads\/2021\/05\/Botelho-Netto-1480-150x150.jpg\" class=\"pt-cv-thumbnail pull-left\" alt=\"Instituto Ruth Guimar\u00e3es\" title=\"Instituto Ruth Guimar\u00e3es\"><\/a><\/p>\n<h4 class=\"pt-cv-title\"><a href=\"http:\/\/institutoruthguimaraes.org.br\/blog\/noticias-de-esporte\/\" class=\"_self\" target=\"_self\" >Not\u00edcias de Esporte<\/a><\/h4>\n<div class=\"pt-cv-content\">O glorioso C. F. C. (Cachoeira Futebol Clube) era um time que n\u00e3o brincava em servi\u00e7o.Neg\u00f3cio dos jogadores, ou do t\u00e9cnico, ou de quem se arvorava em treinador, era ganhar: no apito, no tapa, na bola, na pancadaria, no grito, ...<\/p>\n<div class=\"pt-cv-rmwrap\"><a href=\"http:\/\/institutoruthguimaraes.org.br\/blog\/noticias-de-esporte\/\" class=\"_self pt-cv-readmore btn btn-success\" target=\"_self\">Leia Mais<\/a><\/div>\n<\/div>\n<\/div>\n<\/div>\n<div class=\"col-md-6 col-sm-6 col-xs-12 pt-cv-content-item pt-cv-2-col\" >\n<div class='pt-cv-ifield'><a href=\"http:\/\/institutoruthguimaraes.org.br\/blog\/nossa-senhora-de-todas-as-dores\/\" class=\"_self pt-cv-href-thumbnail pt-cv-thumb-left\" target=\"_self\" ><img loading=\"lazy\" decoding=\"async\" width=\"150\" height=\"150\" src=\"http:\/\/institutoruthguimaraes.org.br\/blog\/wp-content\/uploads\/2021\/05\/Botelho-Netto-1-150x150.jpg\" class=\"pt-cv-thumbnail pull-left\" alt=\"Instituto Ruth Guimar\u00e3es\" title=\"Instituto Ruth Guimar\u00e3es\"><\/a><\/p>\n<h4 class=\"pt-cv-title\"><a href=\"http:\/\/institutoruthguimaraes.org.br\/blog\/nossa-senhora-de-todas-as-dores\/\" class=\"_self\" target=\"_self\" >Nossa Senhora de todas as dores<\/a><\/h4>\n<div class=\"pt-cv-content\">Temos um vig\u00e1rio que \u00e9 poeta \u00e0 sua maneira pois nunca lhe surpreendemos o pecado dos versos. \u00c9 v\u00ea-lo de \u00f3culos, no seu carro, muito moderno e afobado, quem diria? Mas \u00e9 poeta. Ouvimo-lo \u00e0 tarde, \u00e0s seis horas, nas ...<\/p>\n<div class=\"pt-cv-rmwrap\"><a href=\"http:\/\/institutoruthguimaraes.org.br\/blog\/nossa-senhora-de-todas-as-dores\/\" class=\"_self pt-cv-readmore btn btn-success\" target=\"_self\">Leia Mais<\/a><\/div>\n<\/div>\n<\/div>\n<\/div>\n<div class=\"col-md-6 col-sm-6 col-xs-12 pt-cv-content-item pt-cv-2-col\" >\n<div class='pt-cv-ifield'><a href=\"http:\/\/institutoruthguimaraes.org.br\/blog\/violeiros\/\" class=\"_self pt-cv-href-thumbnail pt-cv-thumb-left\" target=\"_self\" ><img loading=\"lazy\" decoding=\"async\" width=\"150\" height=\"150\" src=\"http:\/\/institutoruthguimaraes.org.br\/blog\/wp-content\/uploads\/2021\/05\/viola-150x150.jpeg\" class=\"pt-cv-thumbnail pull-left\" alt=\"Instituto Ruth Guimar\u00e3es\" title=\"Instituto Ruth Guimar\u00e3es\"><\/a><\/p>\n<h4 class=\"pt-cv-title\"><a href=\"http:\/\/institutoruthguimaraes.org.br\/blog\/violeiros\/\" class=\"_self\" target=\"_self\" >Violeiros<\/a><\/h4>\n<div class=\"pt-cv-content\">Violeiros s\u00e3o como os antigos bardos. T\u00eam os mesmo sonhos embora usem, civilizadamente, colarinho e gravata e andem cal\u00e7ados. E embora tamb\u00e9m o seu meio de locomo\u00e7\u00e3o n\u00e3o seja mais o caminhar sem fim pelas estradas poeirentas, mas as ferrovias ...<\/p>\n<div class=\"pt-cv-rmwrap\"><a href=\"http:\/\/institutoruthguimaraes.org.br\/blog\/violeiros\/\" class=\"_self pt-cv-readmore btn btn-success\" target=\"_self\">Leia Mais<\/a><\/div>\n<\/div>\n<\/div>\n<\/div>\n<div class=\"col-md-6 col-sm-6 col-xs-12 pt-cv-content-item pt-cv-2-col\" >\n<div class='pt-cv-ifield'><a href=\"http:\/\/institutoruthguimaraes.org.br\/blog\/catedral-submersa\/\" class=\"_self pt-cv-href-thumbnail pt-cv-thumb-left\" target=\"_self\" ><img loading=\"lazy\" decoding=\"async\" width=\"150\" height=\"150\" src=\"http:\/\/institutoruthguimaraes.org.br\/blog\/wp-content\/uploads\/2021\/04\/945724_194312350718198_1043851520_n-150x150.jpg\" class=\"pt-cv-thumbnail pull-left\" alt=\"Instituto Ruth Guimar\u00e3es\" title=\"Instituto Ruth Guimar\u00e3es\"><\/a><\/p>\n<h4 class=\"pt-cv-title\"><a href=\"http:\/\/institutoruthguimaraes.org.br\/blog\/catedral-submersa\/\" class=\"_self\" target=\"_self\" >Catedral Submersa<\/a><\/h4>\n<div class=\"pt-cv-content\">De dia n\u00e3o se v\u00ea. As \u00e1guas tremem tanto, arrepiadas pelo vento e o sol \u00e9 t\u00e3o fino e coruscante! Os olhos est\u00e3o demasiadamente cheios de claridade e das cores, de sol e de cintila\u00e7\u00f5es. \u00c9 muita a luz. N\u00e3o ...<\/p>\n<div class=\"pt-cv-rmwrap\"><a href=\"http:\/\/institutoruthguimaraes.org.br\/blog\/catedral-submersa\/\" class=\"_self pt-cv-readmore btn btn-success\" target=\"_self\">Leia Mais<\/a><\/div>\n<\/div>\n<\/div>\n<\/div>\n<div class=\"col-md-6 col-sm-6 col-xs-12 pt-cv-content-item pt-cv-2-col\" >\n<div class='pt-cv-ifield'><a href=\"http:\/\/institutoruthguimaraes.org.br\/blog\/o-rio-do-vale-do-sol\/\" class=\"_self pt-cv-href-thumbnail pt-cv-thumb-left\" target=\"_self\" ><img loading=\"lazy\" decoding=\"async\" width=\"150\" height=\"150\" src=\"http:\/\/institutoruthguimaraes.org.br\/blog\/wp-content\/uploads\/2021\/04\/Botelho-Netto-2214-1-150x150.jpg\" class=\"pt-cv-thumbnail pull-left\" alt=\"Instituto Ruth Guimar\u00e3es\" title=\"Instituto Ruth Guimar\u00e3es\"><\/a><\/p>\n<h4 class=\"pt-cv-title\"><a href=\"http:\/\/institutoruthguimaraes.org.br\/blog\/o-rio-do-vale-do-sol\/\" class=\"_self\" target=\"_self\" >O Rio do Vale do Sol<\/a><\/h4>\n<div class=\"pt-cv-content\">No ano passado estive em janeiro no Vale do Para\u00edba, e era chuva que Deus dava, mas chuva mesmo, sem um momento de estiada, a \u00e1gua suja inundou a v\u00e1rzea, o bairro transformou as ruas em amostra da era primordial, ...<\/p>\n<div class=\"pt-cv-rmwrap\"><a href=\"http:\/\/institutoruthguimaraes.org.br\/blog\/o-rio-do-vale-do-sol\/\" class=\"_self pt-cv-readmore btn btn-success\" target=\"_self\">Leia Mais<\/a><\/div>\n<\/div>\n<\/div>\n<\/div>\n<\/div>\n<\/div>\n<div class=\" pt-cv-pagination-wrapper\">\n<ul class=\"pt-cv-pagination pt-cv-ajax pagination\" data-totalpages=\"2\" data-currentpage=\"1\" data-sid=\"b53dea9rwu\" data-unid=\"\" data-isblock=\"\" data-postid=\"\">\n<li class=\"active\"><a href=\"#\">1<\/a><\/li>\n<li ><a class=\"\" href=\"http:\/\/institutoruthguimaraes.org.br\/blog\/wp-json\/wp\/v2\/pages\/5\/?_page=2\">2<\/a><\/li>\n<li ><a class=\" \" href=\"http:\/\/institutoruthguimaraes.org.br\/blog\/wp-json\/wp\/v2\/pages\/5\/?_page=2\">&rsaquo;<\/a><\/li>\n<\/ul>\n<p><img loading=\"lazy\" decoding=\"async\" width=\"15\" height=\"15\" class=\"pt-cv-spinner\" alt=\"Carregando...;\" src=\"data:image\/gif;base64,R0lGODlhDwAPALMPAMrKygwMDJOTkz09PZWVla+vr3p6euTk5M7OzuXl5TMzMwAAAJmZmWZmZszMzP\/\/\/yH\/C05FVFNDQVBFMi4wAwEAAAAh+QQFCgAPACwAAAAADwAPAAAEQvDJaZaZOIcV8iQK8VRX4iTYoAwZ4iCYoAjZ4RxejhVNoT+mRGP4cyF4Pp0N98sBGIBMEMOotl6YZ3S61Bmbkm4mAgAh+QQFCgAPACwAAAAADQANAAAENPDJSRSZeA418itN8QiK8BiLITVsFiyBBIoYqnoewAD4xPw9iY4XLGYSjkQR4UAUD45DLwIAIfkEBQoADwAsAAAAAA8ACQAABC\/wyVlamTi3nSdgwFNdhEJgTJoNyoB9ISYoQmdjiZPcj7EYCAeCF1gEDo4Dz2eIAAAh+QQFCgAPACwCAAAADQANAAAEM\/DJBxiYeLKdX3IJZT1FU0iIg2RNKx3OkZVnZ98ToRD4MyiDnkAh6BkNC0MvsAj0kMpHBAAh+QQFCgAPACwGAAAACQAPAAAEMDC59KpFDll73HkAA2wVY5KgiK5b0RRoI6MuzG6EQqCDMlSGheEhUAgqgUUAFRySIgAh+QQFCgAPACwCAAIADQANAAAEM\/DJKZNLND\/kkKaHc3xk+QAMYDKsiaqmZCxGVjSFFCxB1vwy2oOgIDxuucxAMTAJFAJNBAAh+QQFCgAPACwAAAYADwAJAAAEMNAs86q1yaWwwv2Ig0jUZx3OYa4XoRAfwADXoAwfo1+CIjyFRuEho60aSNYlOPxEAAAh+QQFCgAPACwAAAIADQANAAAENPA9s4y8+IUVcqaWJ4qEQozSoAzoIyhCK2NFU2SJk0hNnyEOhKR2AzAAj4Pj4GE4W0bkJQIAOw==\" title=\"Instituto Ruth Guimar\u00e3es\"><\/p>\n<div class=\"clear pt-cv-clear-pagination\"><\/div>\n<\/div>\n<\/div>\n<\/div>\n<\/div><\/div><\/div><\/div><\/div>","protected":false},"excerpt":{"rendered":"<p>Generic selectors Exact matches only Search in title Search in content Post Type Selectors Apesar dos pesares Mal come\u00e7am os calores abafadi\u00e7os de fim de ano o notici\u00e1rio se enche de informa\u00e7\u00f5es sobre crian\u00e7as pobres desidratadas, das favelas e corti\u00e7os. Mal o inverno desponta e vem o tempo seco, l\u00e1 v\u00eam as doen\u00e7as respirat\u00f3rias. Ainda [&hellip;]<\/p>\n","protected":false},"author":1,"featured_media":0,"parent":0,"menu_order":0,"comment_status":"closed","ping_status":"closed","template":"home-panels.php","meta":{"footnotes":""},"class_list":["post-5","page","type-page","status-publish","hentry","post"],"_links":{"self":[{"href":"http:\/\/institutoruthguimaraes.org.br\/blog\/wp-json\/wp\/v2\/pages\/5","targetHints":{"allow":["GET"]}}],"collection":[{"href":"http:\/\/institutoruthguimaraes.org.br\/blog\/wp-json\/wp\/v2\/pages"}],"about":[{"href":"http:\/\/institutoruthguimaraes.org.br\/blog\/wp-json\/wp\/v2\/types\/page"}],"author":[{"embeddable":true,"href":"http:\/\/institutoruthguimaraes.org.br\/blog\/wp-json\/wp\/v2\/users\/1"}],"replies":[{"embeddable":true,"href":"http:\/\/institutoruthguimaraes.org.br\/blog\/wp-json\/wp\/v2\/comments?post=5"}],"version-history":[{"count":3,"href":"http:\/\/institutoruthguimaraes.org.br\/blog\/wp-json\/wp\/v2\/pages\/5\/revisions"}],"predecessor-version":[{"id":54,"href":"http:\/\/institutoruthguimaraes.org.br\/blog\/wp-json\/wp\/v2\/pages\/5\/revisions\/54"}],"wp:attachment":[{"href":"http:\/\/institutoruthguimaraes.org.br\/blog\/wp-json\/wp\/v2\/media?parent=5"}],"curies":[{"name":"wp","href":"https:\/\/api.w.org\/{rel}","templated":true}]}}