{"id":2208,"date":"2023-06-29T22:15:35","date_gmt":"2023-06-30T01:15:35","guid":{"rendered":"https:\/\/institutoruthguimaraes.org.br\/site\/?page_id=2208"},"modified":"2024-05-29T12:52:28","modified_gmt":"2024-05-29T15:52:28","slug":"politica-de-privacidade","status":"publish","type":"page","link":"https:\/\/institutoruthguimaraes.org.br\/site\/politica-de-privacidade\/","title":{"rendered":"Pol\u00edtica de privacidade"},"content":{"rendered":"<div class=\"elementor-element elementor-element-9569134 elementor-widget elementor-widget-heading\" data-id=\"9569134\" data-element_type=\"widget\" data-widget_type=\"heading.default\">\n<div class=\"elementor-widget-container\">\n<p class=\"elementor-heading-title elementor-size-default\"><span style=\"font-size: 16px;\">Para n\u00f3s, do portal institutoruthguimaraes.org.br, privacidade e seguran\u00e7a s\u00e3o prioridades e nos comprometemos com a transpar\u00eancia do tratamento de dados pessoais dos nossos usu\u00e1rios. Por isso, esse documento sobre Pol\u00edtica de Privacidade estabelece como \u00e9 feita a coleta, uso e transfer\u00eancia de informa\u00e7\u00f5es dos nossos usu\u00e1rios.<\/span><\/p>\n<\/div>\n<\/div>\n<div class=\"elementor-element elementor-element-7f8d161e elementor-widget elementor-widget-text-editor\" data-id=\"7f8d161e\" data-element_type=\"widget\" data-widget_type=\"text-editor.default\">\n<div class=\"elementor-widget-container\">\n<div class=\"elementor-text-editor elementor-clearfix\">\n<div id=\"attachment_2739\" style=\"width: 310px\" class=\"wp-caption alignright\"><img loading=\"lazy\" decoding=\"async\" aria-describedby=\"caption-attachment-2739\" class=\"wp-image-2739 size-medium\" title=\"Pol\u00edtica de privacidade\" src=\"https:\/\/institutoruthguimaraes.org.br\/site\/wp-content\/uploads\/2024\/05\/LGPD-300x158.jpg\" alt=\"Pol\u00edtica de privacidade\" width=\"300\" height=\"158\" srcset=\"https:\/\/institutoruthguimaraes.org.br\/site\/wp-content\/uploads\/2024\/05\/LGPD-300x158.jpg 300w, https:\/\/institutoruthguimaraes.org.br\/site\/wp-content\/uploads\/2024\/05\/LGPD-1024x538.jpg 1024w, https:\/\/institutoruthguimaraes.org.br\/site\/wp-content\/uploads\/2024\/05\/LGPD-768x403.jpg 768w, https:\/\/institutoruthguimaraes.org.br\/site\/wp-content\/uploads\/2024\/05\/LGPD-720x380.jpg 720w, https:\/\/institutoruthguimaraes.org.br\/site\/wp-content\/uploads\/2024\/05\/LGPD.jpg 1200w\" sizes=\"auto, (max-width: 300px) 100vw, 300px\" \/><p id=\"caption-attachment-2739\" class=\"wp-caption-text\">Pol\u00edtica de privacidade<\/p><\/div>\n<p>Ao acessar nosso portal, voc\u00ea entende que s\u00e3o coletadas informa\u00e7\u00f5es nas formas descritas nesta Pol\u00edtica, sob as normas de Prote\u00e7\u00e3o de Dados (LGPD, Lei Federal 13.709\/2018), das disposi\u00e7\u00f5es consumeristas da Lei Federal 8078\/1990 e as demais normas do ordenamento jur\u00eddico brasileiro aplic\u00e1veis.<\/p>\n<p>Dessa forma, n\u00f3s do portal institutoruthguimaraes.org.br, prestamos esclarecimentos na presente Pol\u00edtica de Privacidade.<\/p>\n<h3>1. Quais dados coletamos sobre voc\u00ea e para qual finalidade?<\/h3>\n<p>N\u00e3o coletamos dados pessoais dos USU\u00c1RIOS, exceto cookies, armazenados de acordo com autoriza\u00e7\u00e3o pr\u00e9via.<\/p>\n<p>Cookies s\u00e3o pequenas unidades de dados armazenadas no disco r\u00edgido do seu computador pelo seu navegador e que s\u00e3o necess\u00e1rias para o uso do site.<\/p>\n<p>Os Cookies permitem que nosso site memorize informa\u00e7\u00f5es sobre a visita dos USU\u00c1RIOS, o seu idioma preferido, a recorr\u00eancia das suas sess\u00f5es e outras vari\u00e1veis que nosso site considera relevantes para tornar a experi\u00eancia muito mais eficiente.<\/p>\n<p>Esses Cookies tamb\u00e9m poder\u00e3o ser usados para ajudar a determinar a utilidade, interesse e o n\u00famero de utiliza\u00e7\u00f5es dos sites, permitindo uma navega\u00e7\u00e3o mais r\u00e1pida e eficiente. Eles n\u00e3o armazenam dados pessoais nem coletam informa\u00e7\u00f5es de identifica\u00e7\u00e3o pessoal.<\/p>\n<p>Nosso portal poder\u00e1 adotar tecnologias de coleta de dados anal\u00edticos, tais como Google Analytics e Clicky, para melhorar a performance e experi\u00eancia dos USU\u00c1RIOS no site e\/ou app do portal institutoruthguimaraes.org.br. No entanto, esses dados anal\u00edticos ser\u00e3o anonimizados, n\u00e3o permitindo a identifica\u00e7\u00e3o da pessoa natural a eles relacionada.<\/p>\n<p>A minimiza\u00e7\u00e3o dos dados pessoais \u00e9 importante para n\u00f3s.\u00a0<strong>N\u00e3o coletamos ou tratamos dados pessoais al\u00e9m daqueles estritamente necess\u00e1rios para os fins almejados e disciplinados nesta Pol\u00edtica de Privacidade.<\/strong><\/p>\n<p>Ao acessar nosso site e consentir com o uso de Cookies, voc\u00ea manifesta conhecer e aceitar a utiliza\u00e7\u00e3o de um sistema de coleta de dados de navega\u00e7\u00e3o com o uso de Cookies em seu dispositivo.<\/p>\n<h3 class=\"title-terms\">2. Como prevenir que os cookies sejam armazenados no seu dispositivo e\/ou elimin\u00e1-los<\/h3>\n<p>A maioria dos navegadores de Internet \u00e9 configurada para aceitar automaticamente os Cookies. O USU\u00c1RIO poder\u00e1 alterar as configura\u00e7\u00f5es para bloquear o uso de Cookies ou alert\u00e1-lo quando um Cookie estiver sendo enviado para seu dispositivo.<\/p>\n<p>Depois de autorizar o uso de Cookies, o USU\u00c1RIO pode sempre desativar parte ou a totalidade de nossos Cookies.<\/p>\n<p>Todos os navegadores permitem ao utilizador aceitar, recusar ou apagar Cookies, nomeadamente atrav\u00e9s da sele\u00e7\u00e3o das defini\u00e7\u00f5es apropriadas no respectivo navegador. O USU\u00c1RIO pode configurar os Cookies no menu \u201cop\u00e7\u00f5es\u201d ou \u201cprefer\u00eancias\u201d do seu browser.<\/p>\n<p>Note-se que, ao desativar cookies, pode impedir que alguns servi\u00e7os da web funcionem corretamente, afetando, parcial ou totalmente, a navega\u00e7\u00e3o no website.<\/p>\n<p>Para gerenciar os cookies do seu navegador, basta faz\u00ea-lo diretamente nas configura\u00e7\u00f5es do navegador, na \u00e1rea de gest\u00e3o de Cookies. Voc\u00ea pode acessar tutoriais sobre o tema diretamente nos links abaixo:<\/p>\n<p>Se voc\u00ea usa o\u00a0<a href=\"https:\/\/support.microsoft.com\/pt-br\/help\/17442\/windows-internet-explorer-delete-manage-cookies\" target=\"_blank\" rel=\"noopener\"><strong>Internet Explorer<\/strong><\/a>.<\/p>\n<p>Se voc\u00ea usa o\u00a0<strong><a href=\"https:\/\/support.mozilla.org\/pt-BR\/kb\/gerencie-configuracoes-de-armazenamento-local-de-s\" target=\"_blank\" rel=\"noopener\">Firefox<\/a>.<\/strong><\/p>\n<p>Se voc\u00ea usa o\u00a0<strong><a href=\"https:\/\/support.apple.com\/pt-br\/guide\/safari\/sfri11471\/mac\" target=\"_blank\" rel=\"noopener\">Safari<\/a>.<\/strong><\/p>\n<p>Se voc\u00ea usa o\u00a0<strong><a href=\"https:\/\/support.google.com\/chrome\/answer\/95647?co=GENIE.Platform%3DDesktop&amp;oco=1&amp;hl=pt-BR\" target=\"_blank\" rel=\"noopener\">Google Chrome<\/a>.<\/strong><\/p>\n<p>Se voc\u00ea usa o\u00a0<strong><a href=\"https:\/\/support.microsoft.com\/pt-br\/help\/4027947\/microsoft-edge-delete-cookies\" target=\"_blank\" rel=\"noopener\">Microsoft Edge<\/a>.<\/strong><\/p>\n<p>Se voc\u00ea usa o\u00a0<strong><a href=\"https:\/\/help.opera.com\/en\/latest\/web-preferences\/#cookies\" target=\"_blank\" rel=\"noopener\">Opera<\/a>.<\/strong><\/p>\n<h3>3. Como coletamos os seus dados?<\/h3>\n<p>Nesse sentido, a coleta dos seus dados pessoais ocorre da seguinte forma:<\/p>\n<p><strong>Usu\u00e1rios<\/strong>:<\/p>\n<p>Ao acessar o site institutoruthguimaraes.org.br<\/p>\n<p>Ao enviar uma mensagem de d\u00favida ou ades\u00e3o pelos formul\u00e1rios de contato<\/p>\n<h3>4. Consentimento<\/h3>\n<p>\u00c9 a partir do seu consentimento que coletamos esses dados. O consentimento \u00e9 a manifesta\u00e7\u00e3o livre, informada e inequ\u00edvoca pela qual voc\u00ea autoriza a institutoruthguimaraes.org.br a tratar essas informa\u00e7\u00f5es.<\/p>\n<p>Assim, em conson\u00e2ncia com a Lei Geral de Prote\u00e7\u00e3o de Dados, seus dados s\u00f3 ser\u00e3o coletados, tratados e armazenados mediante pr\u00e9vio e expresso consentimento.<\/p>\n<p>O seu consentimento ser\u00e1 obtido de forma espec\u00edfica, evidenciando nosso compromisso de transpar\u00eancia e boa-f\u00e9 com nossos usu\u00e1rios\/clientes, seguindo as regula\u00e7\u00f5es legislativas pertinentes.<\/p>\n<p>\u00c9 importante destacar que a n\u00e3o aceita\u00e7\u00e3o da coleta dessas informa\u00e7\u00f5esr pode gerar a impossibilidade da performance adequada de alguma funcionalidade do site que dependa da opera\u00e7\u00e3o.<\/p>\n<h3>5. Altera\u00e7\u00e3o desta Pol\u00edtica de Privacidade<\/h3>\n<p>A atual vers\u00e3o da Pol\u00edtica de Privacidade foi formulada e atualizada pela \u00faltima vez em 24 de junho de 2024.<\/p>\n<p>Reservamos o direito de modificar essa Pol\u00edtica de Privacidade a qualquer tempo, principalmente em fun\u00e7\u00e3o da adequa\u00e7\u00e3o a eventuais altera\u00e7\u00f5es feitas em nosso site ou em \u00e2mbito legislativo. Recomendamos que voc\u00ea a revise com frequ\u00eancia.<\/p>\n<p>Eventuais altera\u00e7\u00f5es entrar\u00e3o em vigor a partir de sua publica\u00e7\u00e3o em nosso site.<\/p>\n<p>Ao utilizar nossos servi\u00e7os e fornecer seus dados pessoais ap\u00f3s tais modifica\u00e7\u00f5es, voc\u00ea as consente.<\/p>\n<hr \/>\n<p><a href=\"https:\/\/institutoruthguimaraes.org.br\/site\/\">P\u00e1gina principal<\/a><\/p>\n<\/div>\n<\/div>\n<\/div>\n","protected":false},"excerpt":{"rendered":"<p>Para n\u00f3s, do portal institutoruthguimaraes.org.br, privacidade e seguran\u00e7a s\u00e3o prioridades e nos comprometemos com a transpar\u00eancia do tratamento de dados pessoais dos nossos usu\u00e1rios. Por isso, esse documento sobre Pol\u00edtica de Privacidade estabelece como \u00e9 feita a coleta, uso e transfer\u00eancia de informa\u00e7\u00f5es dos nossos usu\u00e1rios. Ao acessar nosso portal, voc\u00ea entende que s\u00e3o coletadas [&hellip;]<\/p>\n","protected":false},"author":1,"featured_media":0,"parent":0,"menu_order":0,"comment_status":"closed","ping_status":"closed","template":"","meta":{"_monsterinsights_skip_tracking":false,"_monsterinsights_sitenote_active":false,"_monsterinsights_sitenote_note":"","_monsterinsights_sitenote_category":0,"footnotes":""},"class_list":["post-2208","page","type-page","status-publish","hentry","post"],"_links":{"self":[{"href":"https:\/\/institutoruthguimaraes.org.br\/site\/wp-json\/wp\/v2\/pages\/2208","targetHints":{"allow":["GET"]}}],"collection":[{"href":"https:\/\/institutoruthguimaraes.org.br\/site\/wp-json\/wp\/v2\/pages"}],"about":[{"href":"https:\/\/institutoruthguimaraes.org.br\/site\/wp-json\/wp\/v2\/types\/page"}],"author":[{"embeddable":true,"href":"https:\/\/institutoruthguimaraes.org.br\/site\/wp-json\/wp\/v2\/users\/1"}],"replies":[{"embeddable":true,"href":"https:\/\/institutoruthguimaraes.org.br\/site\/wp-json\/wp\/v2\/comments?post=2208"}],"version-history":[{"count":11,"href":"https:\/\/institutoruthguimaraes.org.br\/site\/wp-json\/wp\/v2\/pages\/2208\/revisions"}],"predecessor-version":[{"id":2740,"href":"https:\/\/institutoruthguimaraes.org.br\/site\/wp-json\/wp\/v2\/pages\/2208\/revisions\/2740"}],"wp:attachment":[{"href":"https:\/\/institutoruthguimaraes.org.br\/site\/wp-json\/wp\/v2\/media?parent=2208"}],"curies":[{"name":"wp","href":"https:\/\/api.w.org\/{rel}","templated":true}]}}